{"id":585,"date":"2016-05-10T17:18:58","date_gmt":"2016-05-10T15:18:58","guid":{"rendered":"https:\/\/calmaciarol.com\/es\/?page_id=585"},"modified":"2022-05-18T18:30:06","modified_gmt":"2022-05-18T16:30:06","slug":"politica-reservas-cancelacion","status":"publish","type":"page","link":"https:\/\/calmaciarol.com\/es\/politica-reservas-cancelacion\/","title":{"rendered":"Pol\u00edtica de reservas y cancelaci\u00f3n"},"content":{"rendered":"<h1>Pol\u00edtica de reservas y cancelaci\u00f3n<\/h1>\n<h2>Pol\u00edtica de reservas<\/h2>\n<ul>\n<li>Hora de salida: m\u00e1ximo a las 11h<\/li>\n<li>Hora de entrada: a partir de las 16h<\/li>\n<li>No se admiten animales de compa\u00f1\u00eda de ning\u00fan tipo.<\/li>\n<li>Para reservas en fin de semana m\u00ednimo dos noches.<\/li>\n<li>Horarios:\n<ul>\n<li>Desayuno 8: 30h a 10: 30h<\/li>\n<li>Comida de 13:00h a 15:00h<\/li>\n<li>Cena de 20:00h a 21:45h<\/li>\n<\/ul>\n<\/li>\n<li>Para otras condiciones, cons\u00faltanos.<\/li>\n<\/ul>\n<h2>Pol\u00edtica de cancelaci\u00f3n<\/h2>\n<ul>\n<li>7 d\u00edas antes de la entrada: 100% de retorno de la paga y se\u00f1al (50% del total)<\/li>\n<li>3-7 d\u00edas antes de la entrada: 50% de retorno de la paga y se\u00f1al (50% del total)<\/li>\n<li>3 d\u00edas (72 horas) antes de la entrada: 0% de retorno de la paga y se\u00f1al (50% del total)<\/li>\n<li>(considerando que la entrada es a las 16h)<\/li>\n<\/ul>\n<h2>Covid-19<\/h2>\n<ul>\n<li>No habr\u00e1 servicio de limpieza diario de habitaciones para estancias de menos de 3 noches para minimizar riesgos durante la estancia. Para pernoctaciones de m\u00e1s de 3 d\u00edas se concertar\u00e1 con el cliente.<\/li>\n<li>Se recomienda la limpieza de manos y el uso de gel hidroalcoh\u00f3lico.<\/li>\n<li>Es obligatorio el uso de mascarilla y mantener la distancia de seguridad en zonas comunes.<\/li>\n<\/ul>\n","protected":false},"excerpt":{"rendered":"<p>Pol\u00edtica de reservas y cancelaci\u00f3n Pol\u00edtica de reservas Hora de salida: m\u00e1ximo a las 11h Hora de entrada: a partir de las 16h No se admiten animales de compa\u00f1\u00eda de ning\u00fan tipo. Para reservas en fin de semana m\u00ednimo dos noches. Horarios: Desayuno 8: 30h a 10: 30h Comida de 13:00h a 15:00h Cena de [&hellip;]<\/p>\n","protected":false},"author":1,"featured_media":0,"parent":0,"menu_order":995,"comment_status":"closed","ping_status":"closed","template":"","meta":[],"yoast_head":"<!-- This site is optimized with the Yoast SEO plugin v20.9 - https:\/\/yoast.com\/wordpress\/plugins\/seo\/ -->\n<title>Pol\u00edtica de reservas y cancelaci\u00f3n - Cal Maciarol<\/title>\n<meta name=\"robots\" content=\"index, follow, max-snippet:-1, max-image-preview:large, max-video-preview:-1\" \/>\n<link rel=\"canonical\" href=\"https:\/\/calmaciarol.com\/es\/politica-reservas-cancelacion\/\" \/>\n<meta property=\"og:locale\" content=\"es_ES\" \/>\n<meta property=\"og:type\" content=\"article\" \/>\n<meta property=\"og:title\" content=\"Pol\u00edtica de reservas y cancelaci\u00f3n - Cal Maciarol\" \/>\n<meta property=\"og:description\" content=\"Pol\u00edtica de reservas y cancelaci\u00f3n Pol\u00edtica de reservas Hora de salida: m\u00e1ximo a las 11h Hora de entrada: a partir de las 16h No se admiten animales de compa\u00f1\u00eda de ning\u00fan tipo. Para reservas en fin de semana m\u00ednimo dos noches. Horarios: Desayuno 8: 30h a 10: 30h Comida de 13:00h a 15:00h Cena de [&hellip;]\" \/>\n<meta property=\"og:url\" content=\"https:\/\/calmaciarol.com\/es\/politica-reservas-cancelacion\/\" \/>\n<meta property=\"og:site_name\" content=\"Cal Maciarol\" \/>\n<meta property=\"article:publisher\" content=\"https:\/\/www.facebook.com\/cal.maciarol\" \/>\n<meta property=\"article:modified_time\" content=\"2022-05-18T16:30:06+00:00\" \/>\n<meta name=\"twitter:label1\" content=\"Tiempo de lectura\" \/>\n\t<meta name=\"twitter:data1\" content=\"1 minuto\" \/>\n<script type=\"application\/ld+json\" class=\"yoast-schema-graph\">{\"@context\":\"https:\/\/schema.org\",\"@graph\":[{\"@type\":\"WebPage\",\"@id\":\"https:\/\/calmaciarol.com\/es\/politica-reservas-cancelacion\/\",\"url\":\"https:\/\/calmaciarol.com\/es\/politica-reservas-cancelacion\/\",\"name\":\"Pol\u00edtica de reservas y cancelaci\u00f3n - Cal Maciarol\",\"isPartOf\":{\"@id\":\"https:\/\/calmaciarol.com\/#website\"},\"datePublished\":\"2016-05-10T15:18:58+00:00\",\"dateModified\":\"2022-05-18T16:30:06+00:00\",\"breadcrumb\":{\"@id\":\"https:\/\/calmaciarol.com\/es\/politica-reservas-cancelacion\/#breadcrumb\"},\"inLanguage\":\"es\",\"potentialAction\":[{\"@type\":\"ReadAction\",\"target\":[\"https:\/\/calmaciarol.com\/es\/politica-reservas-cancelacion\/\"]}]},{\"@type\":\"BreadcrumbList\",\"@id\":\"https:\/\/calmaciarol.com\/es\/politica-reservas-cancelacion\/#breadcrumb\",\"itemListElement\":[{\"@type\":\"ListItem\",\"position\":1,\"name\":\"Portada\",\"item\":\"https:\/\/calmaciarol.com\/es\/inicio\/\"},{\"@type\":\"ListItem\",\"position\":2,\"name\":\"Pol\u00edtica de reservas y cancelaci\u00f3n\"}]},{\"@type\":\"WebSite\",\"@id\":\"https:\/\/calmaciarol.com\/#website\",\"url\":\"https:\/\/calmaciarol.com\/\",\"name\":\"Cal Maciarol\",\"description\":\"Cal Maciarol\",\"potentialAction\":[{\"@type\":\"SearchAction\",\"target\":{\"@type\":\"EntryPoint\",\"urlTemplate\":\"https:\/\/calmaciarol.com\/?s={search_term_string}\"},\"query-input\":\"required name=search_term_string\"}],\"inLanguage\":\"es\"}]}<\/script>\n<!-- \/ Yoast SEO plugin. -->","yoast_head_json":{"title":"Pol\u00edtica de reservas y cancelaci\u00f3n - Cal Maciarol","robots":{"index":"index","follow":"follow","max-snippet":"max-snippet:-1","max-image-preview":"max-image-preview:large","max-video-preview":"max-video-preview:-1"},"canonical":"https:\/\/calmaciarol.com\/es\/politica-reservas-cancelacion\/","og_locale":"es_ES","og_type":"article","og_title":"Pol\u00edtica de reservas y cancelaci\u00f3n - Cal Maciarol","og_description":"Pol\u00edtica de reservas y cancelaci\u00f3n Pol\u00edtica de reservas Hora de salida: m\u00e1ximo a las 11h Hora de entrada: a partir de las 16h No se admiten animales de compa\u00f1\u00eda de ning\u00fan tipo. Para reservas en fin de semana m\u00ednimo dos noches. Horarios: Desayuno 8: 30h a 10: 30h Comida de 13:00h a 15:00h Cena de [&hellip;]","og_url":"https:\/\/calmaciarol.com\/es\/politica-reservas-cancelacion\/","og_site_name":"Cal Maciarol","article_publisher":"https:\/\/www.facebook.com\/cal.maciarol","article_modified_time":"2022-05-18T16:30:06+00:00","twitter_misc":{"Tiempo de lectura":"1 minuto"},"schema":{"@context":"https:\/\/schema.org","@graph":[{"@type":"WebPage","@id":"https:\/\/calmaciarol.com\/es\/politica-reservas-cancelacion\/","url":"https:\/\/calmaciarol.com\/es\/politica-reservas-cancelacion\/","name":"Pol\u00edtica de reservas y cancelaci\u00f3n - Cal Maciarol","isPartOf":{"@id":"https:\/\/calmaciarol.com\/#website"},"datePublished":"2016-05-10T15:18:58+00:00","dateModified":"2022-05-18T16:30:06+00:00","breadcrumb":{"@id":"https:\/\/calmaciarol.com\/es\/politica-reservas-cancelacion\/#breadcrumb"},"inLanguage":"es","potentialAction":[{"@type":"ReadAction","target":["https:\/\/calmaciarol.com\/es\/politica-reservas-cancelacion\/"]}]},{"@type":"BreadcrumbList","@id":"https:\/\/calmaciarol.com\/es\/politica-reservas-cancelacion\/#breadcrumb","itemListElement":[{"@type":"ListItem","position":1,"name":"Portada","item":"https:\/\/calmaciarol.com\/es\/inicio\/"},{"@type":"ListItem","position":2,"name":"Pol\u00edtica de reservas y cancelaci\u00f3n"}]},{"@type":"WebSite","@id":"https:\/\/calmaciarol.com\/#website","url":"https:\/\/calmaciarol.com\/","name":"Cal Maciarol","description":"Cal Maciarol","potentialAction":[{"@type":"SearchAction","target":{"@type":"EntryPoint","urlTemplate":"https:\/\/calmaciarol.com\/?s={search_term_string}"},"query-input":"required name=search_term_string"}],"inLanguage":"es"}]}},"_links":{"self":[{"href":"https:\/\/calmaciarol.com\/es\/wp-json\/wp\/v2\/pages\/585"}],"collection":[{"href":"https:\/\/calmaciarol.com\/es\/wp-json\/wp\/v2\/pages"}],"about":[{"href":"https:\/\/calmaciarol.com\/es\/wp-json\/wp\/v2\/types\/page"}],"author":[{"embeddable":true,"href":"https:\/\/calmaciarol.com\/es\/wp-json\/wp\/v2\/users\/1"}],"replies":[{"embeddable":true,"href":"https:\/\/calmaciarol.com\/es\/wp-json\/wp\/v2\/comments?post=585"}],"version-history":[{"count":10,"href":"https:\/\/calmaciarol.com\/es\/wp-json\/wp\/v2\/pages\/585\/revisions"}],"predecessor-version":[{"id":1155,"href":"https:\/\/calmaciarol.com\/es\/wp-json\/wp\/v2\/pages\/585\/revisions\/1155"}],"wp:attachment":[{"href":"https:\/\/calmaciarol.com\/es\/wp-json\/wp\/v2\/media?parent=585"}],"curies":[{"name":"wp","href":"https:\/\/api.w.org\/{rel}","templated":true}]}}

Política de reservas y cancelación

<h1>Política de reservas y cancelación</h1>
<h2>Política de reservas</h2>
<ul>
<li>Hora de salida: máximo a las 11h</li>
<li>Hora de entrada: a partir de las 16h</li>
<li>No se admiten animales de compañía de ningún tipo.</li>
<li>Para reservas en fin de semana mínimo dos noches.</li>
<li>Horarios:
<ul>
<li>Desayuno 8: 30h a 10: 30h</li>
<li>Comida de 13:00h a 15:00h</li>
<li>Cena de 20:00h a 21:45h</li>
</ul>
</li>
<li>Para otras condiciones, consúltanos.</li>
</ul>
<h2>Política de cancelación</h2>
<ul>
<li>7 días antes de la entrada: 100% de retorno de la paga y señal (50% del total)</li>
<li>3-7 días antes de la entrada: 50% de retorno de la paga y señal (50% del total)</li>
<li>3 días (72 horas) antes de la entrada: 0% de retorno de la paga y señal (50% del total)</li>
<li>(considerando que la entrada es a las 16h)</li>
</ul>
<h2>Covid-19</h2>
<ul>
<li>No habrá servicio de limpieza diario de habitaciones para estancias de menos de 3 noches para minimizar riesgos durante la estancia. Para pernoctaciones de más de 3 días se concertará con el cliente.</li>
<li>Se recomienda la limpieza de manos y el uso de gel hidroalcohólico.</li>
<li>Es obligatorio el uso de mascarilla y mantener la distancia de seguridad en zonas comunes.</li>
</ul>

<p>Política de reservas y cancelación Política de reservas Hora de salida: máximo a las 11h Hora de entrada: a partir de las 16h No se admiten animales de compañía de ningún tipo. Para reservas en fin de semana mínimo dos noches. Horarios: Desayuno 8: 30h a 10: 30h Comida de 13:00h a 15:00h Cena de [&hellip;]</p>

<!-- This site is optimized with the Yoast SEO plugin v20.9 - https://yoast.com/wordpress/plugins/seo/ -->
<title>Política de reservas y cancelación - Cal Maciarol</title>
<meta name="robots" content="index, follow, max-snippet:-1, max-image-preview:large, max-video-preview:-1" />
<link rel="canonical" href="https://calmaciarol.com/es/politica-reservas-cancelacion/" />
<meta property="og:locale" content="es_ES" />
<meta property="og:type" content="article" />
<meta property="og:title" content="Política de reservas y cancelación - Cal Maciarol" />
<meta property="og:description" content="Política de reservas y cancelación Política de reservas Hora de salida: máximo a las 11h Hora de entrada: a partir de las 16h No se admiten animales de compañía de ningún tipo. Para reservas en fin de semana mínimo dos noches. Horarios: Desayuno 8: 30h a 10: 30h Comida de 13:00h a 15:00h Cena de [&hellip;]" />
<meta property="og:url" content="https://calmaciarol.com/es/politica-reservas-cancelacion/" />
<meta property="og:site_name" content="Cal Maciarol" />
<meta property="article:publisher" content="https://www.facebook.com/cal.maciarol" />
<meta property="article:modified_time" content="2022-05-18T16:30:06+00:00" />
<meta name="twitter:label1" content="Tiempo de lectura" />
	<meta name="twitter:data1" content="1 minuto" />
<script type="application/ld+json" class="yoast-schema-graph">{"@context":"https://schema.org","@graph":[{"@type":"WebPage","@id":"https://calmaciarol.com/es/politica-reservas-cancelacion/","url":"https://calmaciarol.com/es/politica-reservas-cancelacion/","name":"Política de reservas y cancelación - Cal Maciarol","isPartOf":{"@id":"https://calmaciarol.com/#website"},"datePublished":"2016-05-10T15:18:58+00:00","dateModified":"2022-05-18T16:30:06+00:00","breadcrumb":{"@id":"https://calmaciarol.com/es/politica-reservas-cancelacion/#breadcrumb"},"inLanguage":"es","potentialAction":[{"@type":"ReadAction","target":["https://calmaciarol.com/es/politica-reservas-cancelacion/"]}]},{"@type":"BreadcrumbList","@id":"https://calmaciarol.com/es/politica-reservas-cancelacion/#breadcrumb","itemListElement":[{"@type":"ListItem","position":1,"name":"Portada","item":"https://calmaciarol.com/es/inicio/"},{"@type":"ListItem","position":2,"name":"Política de reservas y cancelación"}]},{"@type":"WebSite","@id":"https://calmaciarol.com/#website","url":"https://calmaciarol.com/","name":"Cal Maciarol","description":"Cal Maciarol","potentialAction":[{"@type":"SearchAction","target":{"@type":"EntryPoint","urlTemplate":"https://calmaciarol.com/?s={search_term_string}"},"query-input":"required name=search_term_string"}],"inLanguage":"es"}]}</script>
<!-- / Yoast SEO plugin. -->

Política de reservas y cancelación - Cal Maciarol

Política de reservas y cancelación Política de reservas Hora de salida: máximo a las 11h Hora de entrada: a partir de las 16h No se admiten animales de compañía de ningún tipo. Para reservas en fin de semana mínimo dos noches. Horarios: Desayuno 8: 30h a 10: 30h Comida de 13:00h a 15:00h Cena de [&hellip;]
